*p - 3. Suppose -3*v - 35 = -5*o + v, 3*v = 2*o - 21. Suppose o*d = 9 + 9. What is the units digit of x(d)?
3
Suppose 0 = -o - 1, -3*o = 5*l - 6*l + 99. Let m = l - -60. What is the tens digit of m?
5
Suppose 16*h - 9*h + 1925 = 0. Let q = 447 + h. What is the units digit of q?
2
Let i = -6217 + 9499. What is the tens digit of i?
8
Suppose g = 2*g - 5. Let v be (2 + (-8)/g)*5. What is the units digit of (1 + 0 - 2) + v?
1
Suppose -16 = -f - 11. Suppose w + 85 = 2*w + 3*r, f*w - 457 = r. What is the tens digit of w?
9
Suppose -a = 5*t - 5712, -5*t + 4563 = -t + 3*a. What is the units digit of t?
3
Let d = -23 - -209. What is the units digit of d?
6
Let w be (112/(-70))/(((-2)/(-185))/(-1)). Let b = 267 - w. What is the tens digit of b?
1
Let f(k) = -2*k - 8. Let r be f(-5). Suppose -1100 = -6*g + r*g. What is the tens digit of g?
7
Suppose -3*p - 28 = -10*p. Suppose -4*d + 73 = 2*f - 41, 4*f + p*d = 240. What is the units digit of f?
3
Suppose -16*h - 28 = -20*h. Let x(s) = s**3 - 2*s**2 - 10*s - 1. What is the hundreds digit of x(h)?
1
Let k(r) = 117*r**2 + 38*r + 152. What is the units digit of k(-4)?
2
Let m be (409 - 0) + (-1 - 4). Suppose -2*g = -q + 198, m = 2*q + 2*g - 4*g. What is the units digit of q?
6
Let x be (-8)/(0 + 0 - 2). Suppose 3*f + 6 + 6 = 3*a, x*a + 3*f = 16. Suppose -2*t - 56 = -2*r, -4*r - a*t + 41 = -31. What is the units digit of r?
3
Let v(j) = -j**3 - 5*j**2 - 10*j + 14. What is the units digit of v(-8)?
6
Suppose -2*n + 7 = 4*j + 87, 2*n = 4*j - 80. Let k be n/((-2)/(6/(-3))). What is the units digit of ((-2)/5)/(4/k)?
4
Suppose 25 = -d + 21. Let x(q) = q**2 + 2*q - 9. Let v(t) = -2*t**2 - 3*t + 13. Let h(c) = -5*v(c) - 8*x(c). What is the tens digit of h(d)?
4
Let h = 16 - 27. Let l = h + 11. What is the units digit of (-114)/(-6) + (l - -2)?
1
Let x(j) = j**3 - j**2 - 3*j - 2. Let b be x(-2). Let w be (b/12)/((-2)/24). What is the units digit of 3/(-12) - (-186)/w?
3
Let z = 12 - 9. Suppose h = -z*h + 400. Suppose d - 32 = n - 3*n, 4*d - h = -n. What is the tens digit of d?
2
Let j(c) = 2 - 15 - 10*c + 1. What is the units digit of j(-6)?
8
Let v = 0 - 11. Let d = v - 12. Let t = 48 + d. What is the units digit of t?
5
Let p = 575 - 3. What is the hundreds digit of p?
5
Let l be ((-120)/(-8))/((-1)/(-1)). Suppose -l = -3*c, -1 = 5*k - 5*c + 4. Let p(j) = j**3 - j**2 - 7*j + 6. What is the units digit of p(k)?
6
Suppose 2*g + 4*h + 13 = 5*g, 1 = -g - 4*h. Suppose 5 = g*v - 4. Suppose -5*y = -7 - v. What is the units digit of y?
2
Suppose 4*w - 4*r + 4 = -0*r, 0 = 5*r - 20. Let y be (-2)/(-4)*9*-2. What is the units digit of (1/w)/((-1)/y)?
3
Suppose -4*w + 5*r - 11 = 0, r = -w + 7 - 3. What is the units digit of (-3 + w - -3)/(3/198)?
6
Suppose 5*f + f + 48 = 0. Let y(w) = w**2 + 27. What is the units digit of y(f)?
1
Suppose -m + 16 = -i + 2*m, -4*i - 64 = -3*m. What is the hundreds digit of -6*(1 - (-20)/i)*114?
1
Suppose -4*s - 4848 = -2*c, -9158 = -3*c - 2*s - 1926. What is the tens digit of c?
1
Let x = 9153 + -4676. What is the tens digit of x?
7
Let i = 97 - -22. What is the units digit of i?
9
Let u = -9 - 3. What is the tens digit of ((-4)/u)/(2/282)?
4
Let s be (2 - 0)*13/26. Let w(m) = 55*m - 2. What is the units digit of w(s)?
3
Suppose 5*i - 7*i + 6 = 0. Let x(v) = -10*v - 3 + i*v - 4*v. What is the tens digit of x(-3)?
3
Let y(t) = -t**2 + 2*t + 1. Let a(o) = -o**2 + 1. Let l be (-2)/14 - 26/14. Let g(u) = l*a(u) + y(u). What is the units digit of g(-6)?
3
Let o = 18 - -7. Suppose -n - o - 79 = -3*h, h + 4*n - 52 = 0. What is the units digit of h?
6
Let r(s) = s**3 + 9*s**2 - 11*s - 6. Let h be r(-9). What is the tens digit of h*1/3 + 1?
3
Suppose -j = -75 - 706. What is the hundreds digit of j?
7
Suppose 5 = 5*a, -2*k = -3*k - 3*a + 8. Suppose k*b - 7 = 18. Suppose d = 3*g + 32 - 3, 0 = b*g + 10. What is the tens digit of d?
2
Let z(b) be the third derivative of b**4/12 + 11*b**3/6 - 12*b**2. What is the tens digit of z(4)?
1
Let y = -649 - -3657. What is the hundreds digit of y?
0
Let b = 25 + 2. Let z = b - 4. What is the units digit of z?
3
Suppose -2*j - 5*h + 27 = 2, -4*h + 37 = 5*j. Suppose -3*p = -j*r - 10, 17 - 47 = p + 5*r. What is the units digit of (-267)/p + (-18)/45?
3
Let s(b) be the second derivative of -b**4/12 + 7*b**3/6 + 6*b. Let t be s(5). Let p(l) = l + 3. What is the tens digit of p(t)?
1
Suppose -l + 43 = -45. Suppose -x - 4*n = -l, 34 + 351 = 4*x + 5*n. What is the units digit of x?
0
Let m be (1/(-2) + (-7)/(-6))*165. What is the tens digit of (m - (3 + 2*-3)) + -2?
1
What is the hundreds digit of (-1)/(7/(-4494)) + 0?
6
Suppose 3*k - w + 6*w = 101, -77 = -3*k + w. Let c = k + 24. What is the units digit of c?
1
Let b(d) = -2*d**3 - 22*d**2 - 52*d - 30. What is the thousands digit of b(-15)?
2
Let h(y) = -94*y - 202. What is the hundreds digit of h(-12)?
9
Suppose -5*q + 2785 = -5*g, 5*q - 3*g + 932 - 3711 = 0. What is the hundreds digit of q?
5
Suppose 668 + 1204 = 6*h. What is the tens digit of h?
1
Let g be (2/(-4))/((-10)/220). Suppose -g*l + 70 = -6*l. What is the tens digit of (-1)/(-1) - (-66 + l)?
5
Let r(y) = -y**2 + 3*y - 1. Let l be r(1). Let x be -6 - -3 - (-9)/l. Suppose -4*s + 16 = -4*n, x = 6*n - 3*n. What is the units digit of s?
6
Suppose 0 = -d + 6*d - 1115. Suppose -5*j = -4*g - d, 0*j + 3*g = -3*j + 123. What is the units digit of j?
3
Suppose 4*u + 15 = 3, 2*w + 6 = 2*u. What is the hundreds digit of (-5214)/(-45) + w/(-45)?
1
Let t(p) be the second derivative of p**4/12 - 7*p**3/6 + 7*p**2/2 + 2*p. Let i be t(8). What is the tens digit of (-634)/(-10) - i/(-25)?
6
Let t(h) = 2*h - 6. Let a be t(4). Let y = 6 - a. Suppose -3*n - y*q + 70 = q, -5*q + 10 = -n. What is the tens digit of n?
1
Suppose -4*m + 5*s = -151, -s + 65 = -0*m + 2*m. Let r = -32 + m. What is the units digit of (-7 - -1)/r + 69?
6
Suppose 2*q + 3*q + 4*z - 19495 = 0, -15 = -3*z. What is the tens digit of q?
9
Let h = -1 + 8. Let g = h - 13. What is the units digit of 5/3 - g/(-9)?
1
Suppose -5*i + 7269 = 4*u, -2*i + 8 + 2 = 0. What is the hundreds digit of u?
8
Suppose 0 = 5*u + k - 474, u + 5*k + 290 = 4*u. Let i = -167 + u. What is the units digit of 4/18 - 488/i?
7
Suppose -2*j + 98 = -44. Let y = j - 38. Suppose 5*c - 147 = y. What is the tens digit of c?
3
Let r be ((-39 - 1)/4)/(-2). Suppose -3 = -r*w + 617. Suppose 0 = -4*g + b + w, 2*b + 3*b = -g + 10. What is the tens digit of g?
3
Let r = -150 + 92. What is the tens digit of r/(-1)*10/4?
4
Suppose 2*s = 3*h - 7730, 2177 = -5*h - 5*s + 15077. What is the units digit of h?
8
Let n = -7 + 4. Let c = 6 + n. Suppose 0 = c*j - 3*a, 0 = j - 4*a + 4 + 5. What is the units digit of j?
3
Let t(w) = 4*w**3 - 2*w**2 - 3 - 5*w**3 + 0 - 4*w. Let b be t(-2). Suppose -b*p = -71 - 14. What is the units digit of p?
7
Let q(u) = -2 + 3*u + 7 + 0. Let b be q(-4). Let h(j) = -j**2 - 8*j + 5. What is the units digit of h(b)?
2
Let t = -3604 - -5151. What is the units digit of t?
7
Let x(k) = -8*k**2 + 4*k - 5. Let d(a) = a + 4. Let s be d(0). Let v(q) = 7*q**2 - 3*q + 4. Let m(f) = s*x(f) + 5*v(f). What is the units digit of m(2)?
4
Suppose 2*l - 7 = -1. Let x = 32 - l. What is the units digit of x?
9
Let k be 50/(-10)*(0 - 1). Let j(b) be the first derivative of 13*b**2/2 - 11*b + 4. What is the units digit of j(k)?
4
Let o = 8 + 21. Let l = -1 + o. What is the units digit of l?
8
Let h(k) = -15*k - 18. Let o be h(-12). Suppose -f + 40 = -p, -p + o = 4*f - 3*p. What is the tens digit of f?
4
What is the units digit of (-6)/4*(-19544)/84?
9
Let q be (22/6 - 3)*-15. Let k = 10 + q. Suppose -4*f + 31 = 3*u - 27, k = 3*u - f - 38. What is the units digit of u?
4
Suppose -816 = 15*h - 19*h. Suppose -4*z + 180 = -4*g, -h = -8*z + 3*z - 2*g. What is the units digit of z?
2
Let u = -33 - -35. Suppose 18 = u*t - 28. What is the units digit of t?
3
Let h = -172 - -90. Let t = h - -258. What is the units digit of t?
6
Suppose 2*g + 4*c = 3086, 3*g = -3*c + 5*c + 4629. What is the thousands digit of g?
1
Suppose -t + 1 = 2*r - 15, -5*t - 20 = 0. Suppose r = -5*l + 55. Let d(x) = 4*x + 13. What is the tens digit of d(l)?
4
Suppose -13*z + 7 = -19. What is the hundreds digit of 254/z - 4/4?
1
Let g(d) = -76*d + 10. Let c be g(-3). Suppose 0 = 2*a - 4*w - c